r of 529 and i?
23
Let d be ((-1044)/(-609))/(1/28). Calculate the highest common divisor of d and 408.
24
Let k be (-104)/2*(-5)/(-10). Let p = k + 36. Suppose m = 6 + p. What is the greatest common divisor of 48 and m?
16
Let i be 2 + (0 + 13 - 4). What is the greatest common factor of 88 and i?
11
Let z be ((-168)/(-18))/1*9. Calculate the highest common divisor of 3 and z.
3
Let j be (-4)/(-7) + 364/49. Let g = -44 - -177. Let k = g - 77. Calculate the greatest common factor of j and k.
8
Let h(g) = 7*g**2 - 8*g + 20. Let c be h(5). Calculate the greatest common factor of 5 and c.
5
Let t(a) = 27*a + 1. Let w(k) = -1. Let z(l) = t(l) - 2*w(l). Let i be z(1). Calculate the greatest common factor of 6 and i.
6
Suppose 2*t = -0*t - 5*w + 301, t - 4*w - 170 = 0. Let r = t + -151. What is the highest common factor of 49 and r?
7
Suppose 0 = 18*t - 15*t - 9, -2*b = -2*t - 2570. What is the highest common factor of b and 168?
56
Let y be 2568/9 - (-8)/(-24). Calculate the highest common divisor of y and 15.
15
Suppose 3*f + 5 = -7, 0 = -b - 2*f + 32. Suppose 5*g - 120 = b. What is the highest common divisor of 8 and g?
8
Let k be ((-12)/12)/((-2)/(-2)). Let z = k + 1. Suppose 7*q - 3*q - 128 = z. What is the greatest common factor of 192 and q?
32
Suppose -13*u - 47 = -138. Calculate the greatest common divisor of 966 and u.
7
Let s be (-2)/(3/((-18)/4)). Let m be (-3)/9 - (-127)/s. Let w(v) = v**3 + 1. Let b be w(3). Calculate the highest common divisor of b and m.
14
Suppose 0 = -3*o + 6*o - 6. Suppose 1184 - 1176 = 2*k. Calculate the highest common divisor of k and o.
2
Suppose 0 = 4*l - 2*l - 126. Suppose -105 = -2388*q + 2383*q. What is the highest common divisor of l and q?
21
Suppose 0 = -4*f - 4. Let q be f + 2*(-220)/(-8). Let o be 0 - (-1 - 8)/1. Calculate the highest common factor of q and o.
9
Suppose 4*s = s. Let z be s + 1 + 767/13. Let x be 18/27*(0 + 30). What is the greatest common factor of z and x?
20
Suppose -4*j = -55 - 53. Let m = -57 + j. Let p = m + 43. Calculate the greatest common divisor of 78 and p.
13
Let l be 22 - (2 + -6 + 2). Suppose -3*t = -2 - 7. Suppose -2*x + 42 = t*h, -2*x - 2*x + 98 = -h. What is the greatest common divisor of l and x?
24
Let n = -58 - -163. Calculate the greatest common divisor of 5 and n.
5
Let p(m) = m**2 - 4*m - 1. Let x be p(5). Let r(n) = -2*n + 9. Let q be r(x). Suppose u + q - 134 = 0. What is the greatest common factor of 19 and u?
19
Suppose 4*b - p = 6*b - 1042, -3*b + 1550 = -5*p. Let x = b - 282. Calculate the highest common factor of 14 and x.
14
Let k = 228 - 160. Suppose -20 = -z + u, 7*u - 4*u - k = -5*z. Calculate the greatest common factor of z and 80.
16
Let b(p) = 6*p**2 - 3*p - 6. Let f be b(-5). Let m = f + -33. Suppose j - 126 = -8*j. Calculate the greatest common divisor of j and m.
14
Let f = 29 + -25. Suppose -5*r + 0*l - l = -63, -f*r + l = -45. Suppose -2*j + 8 + 22 = 2*t, 4*j = r. Calculate the highest common factor of 48 and t.
12
Let s = -33 + 51. Suppose -21 = -3*w - 4*w. Suppose -3*h + w*b + 390 = 0, 0*h + 5*h - b - 634 = 0. Calculate the greatest common divisor of s and h.
18
Let b(u) = -3*u + 3. Let d be b(1). Let x be (-6 - -2)*-12 - d. What is the highest common factor of x and 32?
16
Let h be 107 - 7 - ((1 - 4) + 1). Let q = -82 + h. Suppose k - 5 = -s, -4*s + 0*s = -5*k - 47. What is the greatest common factor of s and q?
4
Suppose -296*i - 108 = -300*i. Calculate the greatest common divisor of i and 207.
9
Let k(h) = 34*h**3 + 2*h**2 - 1. Let x be k(1). Let p = -20 + x. What is the greatest common divisor of p and 60?
15
Suppose -3*m - 2*m + 130 = 0. Suppose -19*d + 4*d - 7305 = 0. Let g = -201 - d. Calculate the highest common factor of m and g.
26
Let b(q) = 3*q - 47. Let c be b(9). Let d be (-21)/2*5/(c/8). What is the highest common divisor of 42 and d?
21
Suppose -5*w = -2*w - 3885. Suppose 21 = -7*q + w. What is the highest common factor of q and 14?
14
Let m = -8 + 20. Let c = -49 - -49. Let d(z) = z**3 + z**2 + z + 24. Let g be d(c). What is the highest common divisor of g and m?
12
Suppose 2*n = -h - 11, 3*h + 0*h + 4*n + 29 = 0. Let u = h - -25. Calculate the highest common divisor of u and 27.
9
Let l = 93 - 138. Let n = -30 - l. Suppose 2*x - s - 29 = -2*s, x + s = 14. Calculate the highest common divisor of n and x.
15
Suppose -4*z + 24 = -84. What is the greatest common factor of z and 18?
9
Suppose 2331 = 13*n - 373. What is the greatest common factor of 13 and n?
13
Suppose -4*d + 1384 = -4*p, -3*p = -12 + 18. Calculate the highest common divisor of 43 and d.
43
Suppose k = 3*k - 72. Let f be 896/k - (-3)/27. What is the highest common divisor of 100 and f?
25
Let o = -2 - -14. Let r(l) = -l - 19. Let n be r(-13). Let b(t) = 2*t + 36. Let i be b(n). What is the highest common factor of o and i?
12
Let p be 5/((-4)/((-24)/21) + -3). Suppose -3*m + 87 = 3*r, -r + 30 = -2*m - 2. What is the greatest common factor of r and p?
10
Suppose 88*g - 87*g = 30. Let v be 1/(-5) - (-6726)/g. Calculate the greatest common factor of v and 32.
32
Suppose 0 = -n + 6*n - 450. Let y(x) = x**3 - 5*x**2 - 3*x - 4. Let o be y(6). Let u = 16 + o. Calculate the greatest common divisor of u and n.
30
Let i = 56 + -1. Suppose -5*z + c = -i, 4*z = -z - 4*c + 80. Calculate the greatest common factor of z and 12.
12
Suppose 37*m - 2560 = 16569. Calculate the greatest common factor of m and 11.
11
Let m(d) = -12*d**3. Let k be m(-1). Calculate the highest common divisor of k and 2.
2
Suppose 45 + 19 = 4*q. Let d(m) = -m**3 - 7*m**2 + 7*m - 5. Let b be d(-8). Suppose b*x + 2*x - 40 = 0. Calculate the highest common divisor of q and x.
8
Suppose -4*u = -9 - 11. Let x = -8 + u. Let g be (-1635)/(-21) + x/(-21). Calculate the greatest common factor of g and 26.
26
Let c = 27 + 31. Suppose -2*o = -4*o + c. Let v(k) = -10*k - 2. Let r be v(-6). What is the greatest common divisor of r and o?
29
Suppose 0 = 2*f - 3 - 5. Suppose -5*q + 125 = 5*k, f*q = 2*q + 8. What is the greatest common factor of 21 and k?
21
Let m(s) = -s + 20. Let u be m(-29). Calculate the greatest common factor of 70 and u.
7
Suppose p + 0*p - 3*d = -9, 0 = 3*p + 4*d - 38. Let j be 630/40*(-24)/(-9). What is the highest common factor of j and p?
6
Let a(c) = -15*c - 145. Let j be a(-12). What is the highest common factor of j and 70?
35
Suppose 5*s + 4*f = 29, -10 = -2*s - f + 1. Suppose 2*m + 664 = s*c, 4*c - 90 = -2*m + 434. Calculate the greatest common divisor of 44 and c.
44
Let n(x) = x**3 - 40*x**2 + 3*x - 105. Let j be n(40). Suppose 15 = 2*i + 3*i. Suppose 0 = 2*m + i*m - j. What is the highest common factor of m and 27?
3
Let g = -13 + 42. Let h(j) = -10*j - 41. Let u be h(-7). Calculate the highest common divisor of u and g.
29
Let u be (6/(-7))/((-2)/14). Let b(v) = v**2 - 18*v + 9. Let h be b(18). Suppose 0 = -h*q + 11*q - 108. Calculate the highest common factor of u and q.
6
Suppose 0 = -c + 6*c - 270. Suppose -u + 2*u = 3*s - 48, -2*s + 5*u + 45 = 0. Let q be 1/(-3) + 1220/s. Calculate the highest common divisor of q and c.
27
Let c = 59 + -36. Suppose -4*k + 5*l = -k + 17, k = -4*l. Let r be k - (-1 - 8*32). Calculate the greatest common divisor of c and r.
23
Suppose -78 = i - 3*i. Let b = 128 - i. Let k be 3/(-12) + b/4. Calculate the highest common factor of 2 and k.
2
Suppose -20*x + 370 = -490. What is the greatest common divisor of 688 and x?
43
Let k = 22 - 19. Suppose k*q + 3*b - 132 = 0, 0 = -q - 3*b + 59 - 5. What is the greatest common factor of 13 and q?
13
Let p(x) = -2*x - 5*x**2 + 6*x**2 - 10 + 6. Let g be p(-2). Calculate the highest common divisor of 4 and g.
4
Let f = -98 - -105. Let q(z) = z**3 - 3*z**2 - 4*z - 7. Let j be q(6). What is the highest common divisor of j and f?
7
Let w = 30 + -73. Let t = w + 73. Let z be (50*-1 + 0)*142/(-355). What is the greatest common factor of z and t?
10
Let b = -493 + 500. Let i(p) be the third derivative of p**5/15 - p**4/6 - p**3/2 + 2*p**2. Let r be i(5). Calculate the greatest common divisor of b and r.
7
Let x = -63 - -79. Suppose x = 5*c - 19. What is the greatest common factor of c and 14?
7
Let r(b) = -5*b + 127. Let p be r(17). Let t be (-1)/(87/(-84) + 1). Calculate the highest common divisor of t and p.
14
Let x